ivided by 31?
11
Calculate the remainder when 519 is divided by 259.
1
Calculate the remainder when 14 is divided by 8.
6
What is the remainder when 397 is divided by 198?
1
What is the remainder when 2321 is divided by 757?
50
What is the remainder when 2350 is divided by 14?
12
Calculate the remainder when 284 is divided by 25.
9
What is the remainder when 50 is divided by 18?
14
Calculate the remainder when 355 is divided by 56.
19
What is the remainder when 196 is divided by 33?
31
Calculate the remainder when 167 is divided by 156.
11
Calculate the remainder when 205 is divided by 16.
13
Calculate the remainder when 2297 is divided by 2294.
3
Calculate the remainder when 357 is divided by 18.
15
What is the remainder when 484 is divided by 18?
16
What is the remainder when 159 is divided by 143?
16
What is the remainder when 1106 is divided by 348?
62
What is the remainder when 1591 is divided by 29?
25
Calculate the remainder when 1547 is divided by 62.
59
Calculate the remainder when 43 is divided by 33.
10
Calculate the remainder when 2497 is divided by 278.
273
Calculate the remainder when 31 is divided by 12.
7
What is the remainder when 1673 is divided by 46?
17
What is the remainder when 104 is divided by 53?
51
Calculate the remainder when 670 is divided by 36.
22
Calculate the remainder when 3499 is divided by 140.
139
Calculate the remainder when 4317 is divided by 144.
141
What is the remainder when 36 is divided by 10?
6
Calculate the remainder when 29 is divided by 9.
2
What is the remainder when 447 is divided by 10?
7
Calculate the remainder when 277 is divided by 40.
37
Calculate the remainder when 128 is divided by 27.
20
Calculate the remainder when 729 is divided by 12.
9
What is the remainder when 216 is divided by 82?
52
Calculate the remainder when 1464 is divided by 47.
7
What is the remainder when 187 is divided by 7?
5
What is the remainder when 15529 is divided by 31?
29
Calculate the remainder when 7880 is divided by 3.
2
What is the remainder when 1905 is divided by 40?
25
Calculate the remainder when 180 is divided by 20.
0
Calculate the remainder when 190 is divided by 24.
22
Calculate the remainder when 2981 is divided by 119.
6
What is the remainder when 380 is divided by 16?
12
Calculate the remainder when 438 is divided by 51.
30
What is the remainder when 635 is divided by 12?
11
What is the remainder when 366 is divided by 93?
87
Calculate the remainder when 125 is divided by 14.
13
Calculate the remainder when 97 is divided by 28.
13
Calculate the remainder when 209 is divided by 15.
14
Calculate the remainder when 751 is divided by 146.
21
What is the remainder when 34 is divided by 26?
8
What is the remainder when 4218 is divided by 128?
122
Calculate the remainder when 177 is divided by 90.
87
Calculate the remainder when 2348 is divided by 25.
23
Calculate the remainder when 115 is divided by 41.
33
What is the remainder when 87 is divided by 30?
27
What is the remainder when 14561 is divided by 15?
11
What is the remainder when 1294 is divided by 429?
7
Calculate the remainder when 98 is divided by 25.
23
What is the remainder when 829 is divided by 6?
1
What is the remainder when 8670 is divided by 271?
269
Calculate the remainder when 2242 is divided by 203.
9
Calculate the remainder when 436 is divided by 145.
1
What is the remainder when 288 is divided by 45?
18
Calculate the remainder when 78 is divided by 77.
1
What is the remainder when 1841 is divided by 191?
122
What is the remainder when 581 is divided by 13?
9
What is the remainder when 246 is divided by 66?
48
What is the remainder when 2281 is divided by 751?
28
Calculate the remainder when 624 is divided by 28.
8
What is the remainder when 604 is divided by 55?
54
What is the remainder when 380 is divided by 56?
44
What is the remainder when 639 is divided by 133?
107
What is the remainder when 1207 is divided by 13?
11
Calculate the remainder when 13 is divided by 2.
1
Calculate the remainder when 1323 is divided by 96.
75
Calculate the remainder when 375 is divided by 19.
14
Calculate the remainder when 227 is divided by 13.
6
Calculate the remainder when 1089 is divided by 18.
9
What is the remainder when 2348 is divided by 294?
290
Calculate the remainder when 712 is divided by 72.
64
What is the remainder when 94 is divided by 43?
8
What is the remainder when 191 is divided by 40?
31
What is the remainder when 866 is divided by 58?
54
What is the remainder when 231 is divided by 26?
23
Calculate the remainder when 218 is divided by 210.
8
What is the remainder when 1222 is divided by 25?
22
What is the remainder when 1969 is divided by 69?
37
What is the remainder when 208 is divided by 38?
18
Calculate the remainder when 928 is divided by 78.
70
Calculate the remainder when 111 is divided by 34.
9
What is the remainder when 1825 is divided by 22?
21
What is the remainder when 273 is divided by 45?
3
Calculate the remainder when 45 is divided by 19.
7
What is the remainder when 996 is divided by 591?
405
Calculate the remainder when 248 is divided by 210.
38
What is the remainder when 39 is divided by 17?
5
Calculate the remainder when 7467 is divided by 6.
3
Calculate the remainder when 767 is divided by 342.
83
Calculate the remainder when 136 is divided by 125.
11
What is the remainder when 4645 is divided by 4640?
5
What is the remainder when 238 is divided by 61?
55
Calculate the remainder when 137 is divided by 73.
64
Calculate the remainder when 797 is divided by 14.
13
What is the remainder when 134 is divided by 34?
32
What is the remainder when 443 is divided by 56?
51
What is the remainder when 55 is divided by 20?
15
Calculate the remainder when 45 is divided by 11.
1
Calculate the remainder when 1036 is divided by 80.
76
Calculate the remainder when 780 is divided by 151.
25
Calculate the remainder when 617 is divided by 269.
79
Calculate the remainder when 115 is divided by 15.
10
Calculate the remainder when 48 is divided by 17.
14
Calculate the remainder when 218 is divided by 82.
54
Calculate the remainder when 128 is divided by 33.
29
What is the remainder when 407 is divided by 57?
8
What is the remainder when 385 is divided by 102?
79
What is the remainder when 25 is divided by 7?
4
Calculate the remainder when 354 is divided by 5.
4
Calculate the remainder when 637 is divided by 202.
31
What is the remainder when 587 is divided by 74?
69
What is the remainder when 126 is divided by 43?
40
Calculate the remainder when 223 is divided by 59.
46
What is the remainder when 116 is divided by 59?
57
Calculate the remainder when 119 is divided by 42.
35
What is the remainder when 521 is divided by 52?
1
What is the remainder when 26 is divided by 4?
2
Calculate the remainder when 1042 is divided by 11.
8
What is the remainder when 982 is divided by 71?
59
Calculate the remainder when 14967 is divided by 76.
71
What is the remainder when 293 is divided by 98?
97
Calculate the remainder when 158 is divided by 16.
14
What is the remainder when 100 is divided by 9?
1
What is the remainder when 71 is divided by 38?
33
What is the remainder when 10855 is divided by 231?
229
What is the remainder when 991 is divided by 70?
11
What is the remainder when 275 is divided by 56?
51
What is the remainder when 2963 is divided by 158?
119
Calculate the remainder when 1459 is divided by 112.
3
What is the remainder when 837 is divided by 378?
81
What is the remainder when 185 is divided by 24?
17
What is the remainder when 125 is divided by 14?
13
Calculate the remainder when 215 is divided by 72.
71
What is the remainder when 2614 is divided by 67?
1
Calculate the remainder when 72 is divided by 11.
6
What is the remainder when 12163 is divided by 169?
164
Calculate the remainder when 717 is divided by 10.
7
What is the remainder when 27 is divided by 7?
6
Calculate the remainder when 360 is divided by 91.
87
What is the remainder when 212 is divided by 37?
27
Calculate the remainder when 171 is divided by 52.
15
What is the remainder when 598 is divided by 5?
3
What is the remainder when 535 is divided by 58?
13
What is the remainder when 287 is divided by 57?
2
Calculate the remainder when 537 is divided by 422.
115
What is